{"id":1703,"date":"2023-12-18T08:23:49","date_gmt":"2023-12-18T07:23:49","guid":{"rendered":"https:\/\/giteduprinas.com\/?page_id=1703"},"modified":"2026-04-27T09:22:49","modified_gmt":"2026-04-27T07:22:49","slug":"tarifs","status":"publish","type":"page","link":"https:\/\/giteduprinas.com\/index.php\/tarifs\/","title":{"rendered":"Tarifs"},"content":{"rendered":"\t\t<div data-elementor-type=\"wp-page\" data-elementor-id=\"1703\" class=\"elementor elementor-1703\">\n\t\t\t\t<div class=\"elementor-element elementor-element-c2a5300 e-con-full e-flex wpr-particle-no wpr-jarallax-no wpr-parallax-no wpr-sticky-section-no wpr-column-slider-no wpr-equal-height-no e-con e-parent\" data-id=\"c2a5300\" data-element_type=\"container\" data-e-type=\"container\">\n\t\t\t\t<div class=\"elementor-element elementor-element-5db46ec elementor-widget elementor-widget-image\" data-id=\"5db46ec\" data-element_type=\"widget\" data-e-type=\"widget\" data-widget_type=\"image.default\">\n\t\t\t\t<div class=\"elementor-widget-container\">\n\t\t\t\t\t\t\t\t\t\t\t\t\t\t\t<img fetchpriority=\"high\" decoding=\"async\" width=\"1440\" height=\"500\" src=\"https:\/\/giteduprinas.com\/wp-content\/uploads\/2024\/07\/slidertarifs.jpg\" class=\"attachment-full size-full wp-image-2481\" alt=\"\" srcset=\"https:\/\/giteduprinas.com\/wp-content\/uploads\/2024\/07\/slidertarifs.jpg 1440w, https:\/\/giteduprinas.com\/wp-content\/uploads\/2024\/07\/slidertarifs-300x104.jpg 300w, https:\/\/giteduprinas.com\/wp-content\/uploads\/2024\/07\/slidertarifs-1024x356.jpg 1024w, https:\/\/giteduprinas.com\/wp-content\/uploads\/2024\/07\/slidertarifs-768x267.jpg 768w\" sizes=\"(max-width: 1440px) 100vw, 1440px\" \/>\t\t\t\t\t\t\t\t\t\t\t\t\t\t\t<\/div>\n\t\t\t\t<\/div>\n\t\t\t\t<\/div>\n\t\t<div class=\"elementor-element elementor-element-52a256f1 e-flex e-con-boxed wpr-particle-no wpr-jarallax-no wpr-parallax-no wpr-sticky-section-no wpr-column-slider-no wpr-equal-height-no e-con e-parent\" data-id=\"52a256f1\" data-element_type=\"container\" data-e-type=\"container\" data-settings=\"{&quot;background_background&quot;:&quot;classic&quot;}\">\n\t\t\t\t\t<div class=\"e-con-inner\">\n\t\t\t\t<div class=\"elementor-element elementor-element-29cd3fef elementor-widget elementor-widget-text-editor\" data-id=\"29cd3fef\" data-element_type=\"widget\" data-e-type=\"widget\" data-widget_type=\"text-editor.default\">\n\t\t\t\t<div class=\"elementor-widget-container\">\n\t\t\t\t\t\t\t\t\t<p><strong>Tarif de la nuit\u00e9 : 119 \u20ac<\/strong><\/p>\n<div><strong>Conditions d\u2019annulation :<\/strong><\/div>\n<div>Annulation 7 jours avant la date d\u2019arriv\u00e9e, remboursement de la moiti\u00e9 des frais engag\u00e9s .<\/div>\n<div>Annulation apr\u00e8s 7 jours, aucun remboursement.<\/div>\n<div>&nbsp;<\/div>\n<div><strong>Spa<\/strong><br>du 15 mai au 15 octobre : 60 euros par nuit (peignoirs fournis)<br>du 16 octobre au 14 mai : 80 euros par nuit (peignoirs fournis)<\/div>\n<div>&nbsp;<\/div>\n<div><strong>Petit-d\u00e9jeuner<\/strong><br>A votre r\u00e9veil, profitez d&rsquo;un panier petit-d\u00e9jeuner au calme du jardin ou dans votre salon.<br>Une formule sucr\u00e9\/sal\u00e9, jus de fruits frais minute, pain, confitures maison, charcuterie, fromage, fruits,<br>dessert maison et autres gourmandises.<br>12 euros par personne<\/div>\n<p><!-- \/wp:paragraph --><\/p>\n<p><!-- wp:paragraph --><\/p>\n<p><!-- \/wp:paragraph --><\/p>\n<p><!-- wp:paragraph --><\/p>\n<p><strong>Pack Romantique<\/strong><br>Profitez d&rsquo;un moment d\u00e9tente en Amoureux au Spa priv\u00e9 en d\u00e9gustant une coupe de bulles fraiches.<br>Spa, bouteille de champagne et p\u00e9tales de fleurs fra\u00eeches.<br>100 euros<\/p>\n<p><!-- \/wp:paragraph --><\/p>\n<p><!-- wp:paragraph --><\/p>\n<p><strong>Planche Ap\u00e9ritive<\/strong><br>Id\u00e9ale le soir de votre arriv\u00e9e pour bien commencer le s\u00e9jour, compos\u00e9e d&rsquo;une s\u00e9lection de charcuteries,<br>fromages, terrine, amuse bouches faits maison, tartinables maison, l\u00e9gumes \u00e0 croquer de saison et pain,<br>crackers, gressins.<br>La composition de la planche pourra \u00eatre ajust\u00e9e selon le nombre de personnes et vos pr\u00e9f\u00e9rences. Une<br>version v\u00e9g\u00e9tarienne est possible.<br>pour 2 personnes 29 euros<br>pour 4 personnes 39 euros<\/p>\n<p><!-- \/wp:paragraph --><\/p>\n<p><!-- wp:paragraph --><\/p>\n<p><strong>Pause pique-nique<\/strong><br>Quoi de plus agr\u00e9able que de pique-niquer dans un petit coin de verdure, au sommet du Cheiron ou au<br>bord de la rivi\u00e8re? Pour que vous puissiez profiter de votre journ\u00e9e sans vous soucier de votre repas,<br>nous vous pr\u00e9parons des pique-nique \u00e0 emporter lors de vos promenades et excursions.<br>Nous pr\u00e9parons ces paniers le matin m\u00eame pour vous proposer des produits frais.<br>R\u00e9server au plus tard la veille avant 15h .<\/p>\n<p><!-- \/wp:paragraph --><\/p>\n<p><!-- wp:paragraph --><\/p>\n<p><strong>Pique-nique du randonneur<\/strong><br>un sandwich (classique ou v\u00e9g\u00e9tarien), chips, une boisson non alcoolis\u00e9e, fruit frais, dessert<br>maison.<br>15 euros par personne<\/p>\n<p><!-- \/wp:paragraph --><\/p>\n<p><!-- wp:paragraph --><\/p>\n<p><strong>Formule Repas<\/strong><br>Vous pourrez d\u00e9guster une cuisine traditionnelle et\/ou local, selon le march\u00e9 et mon inspiration. Les<br>produits utilis\u00e9s sont majoritairement des produits frais de saison, du jardin ou de producteurs locaux et<br>du 100% fait maison !<\/p>\n<p><!-- \/wp:paragraph --><\/p>\n<p><!-- wp:paragraph --><\/p>\n<p>Le menu unique est au prix de 31 \u20ac par personne, entr\u00e9e, plat, dessert. (Hors boisson)<br>Nous disposons d\u2019 une cave avec vins et bi\u00e8res de pays \u00e0 commander sur place<\/p>\n<p><!-- \/wp:paragraph --><\/p>\n<p><!-- wp:paragraph --><\/p>\n<p>Nos menus, pique-niques, planches ap\u00e9ritives et petits-d\u00e9jeuners sont compos\u00e9s de produits frais<br>locaux, de terroir, charcuterie artisanale et en circuit court et de saison quand cela est possible .<br>N&rsquo;h\u00e9sitez pas \u00e0 nous informer de vos intol\u00e9rances et allergies alimentaires pour appr\u00e9cier pleinement<br>vos repas.<\/p>\n<p><!-- \/wp:paragraph --><\/p>\t\t\t\t\t\t\t\t<\/div>\n\t\t\t\t<\/div>\n\t\t\t\t\t<\/div>\n\t\t\t\t<\/div>\n\t\t\t\t<\/div>\n\t\t","protected":false},"excerpt":{"rendered":"<p>Tarif de la nuit\u00e9 : 119 \u20ac Conditions d\u2019annulation : Annulation 7 jours avant la date d\u2019arriv\u00e9e, remboursement de la moiti\u00e9 des frais engag\u00e9s . Annulation apr\u00e8s 7 jours, aucun remboursement. &nbsp; Spadu 15 mai au 15 octobre : 60 euros par nuit (peignoirs fournis)du 16 octobre au 14 mai : 80 euros par nuit (peignoirs fournis) &nbsp; Petit-d\u00e9jeunerA votre r\u00e9veil, profitez d&rsquo;un panier petit-d\u00e9jeuner au calme du jardin ou dans votre salon.Une formule sucr\u00e9\/sal\u00e9, jus de fruits frais minute, pain, confitures maison, charcuterie, fromage, fruits,dessert maison et autres gourmandises.12 euros par personne Pack RomantiqueProfitez d&rsquo;un moment d\u00e9tente en Amoureux au Spa priv\u00e9 en d\u00e9gustant une coupe de bulles fraiches.Spa, bouteille de champagne et p\u00e9tales de fleurs fra\u00eeches.100 euros Planche Ap\u00e9ritiveId\u00e9ale le soir de votre arriv\u00e9e pour bien commencer le s\u00e9jour, compos\u00e9e d&rsquo;une s\u00e9lection de charcuteries,fromages, terrine, amuse bouches faits maison, tartinables maison, l\u00e9gumes \u00e0 croquer de saison et pain,crackers, gressins.La composition de la planche pourra \u00eatre ajust\u00e9e selon le nombre de personnes et vos pr\u00e9f\u00e9rences. Uneversion v\u00e9g\u00e9tarienne est possible.pour 2 personnes 29 eurospour 4 personnes 39 euros Pause pique-niqueQuoi de plus agr\u00e9able que de pique-niquer dans un petit coin de verdure, au sommet du Cheiron ou aubord de la rivi\u00e8re? Pour que vous puissiez profiter de votre journ\u00e9e sans vous soucier de votre repas,nous vous pr\u00e9parons des pique-nique \u00e0 emporter lors de vos promenades et excursions.Nous pr\u00e9parons ces paniers le matin m\u00eame pour vous proposer des produits frais.R\u00e9server au plus tard la veille avant 15h . Pique-nique du randonneurun sandwich (classique ou v\u00e9g\u00e9tarien), chips, une boisson non alcoolis\u00e9e, fruit frais, dessertmaison.15 euros par personne Formule RepasVous pourrez d\u00e9guster une cuisine traditionnelle et\/ou local, selon le march\u00e9 et mon inspiration. Lesproduits utilis\u00e9s sont majoritairement des produits frais de saison, du jardin ou de producteurs locaux etdu 100% fait maison ! Le menu unique est au prix de 31 \u20ac par personne, entr\u00e9e, plat, dessert. (Hors boisson)Nous disposons d\u2019 une cave avec vins et bi\u00e8res de pays \u00e0 commander sur place Nos menus, pique-niques, planches ap\u00e9ritives et petits-d\u00e9jeuners sont compos\u00e9s de produits fraislocaux, de terroir, charcuterie artisanale et en circuit court et de saison quand cela est possible .N&rsquo;h\u00e9sitez pas \u00e0 nous informer de vos intol\u00e9rances et allergies alimentaires pour appr\u00e9cier pleinementvos repas.<\/p>\n","protected":false},"author":1,"featured_media":0,"parent":0,"menu_order":0,"comment_status":"closed","ping_status":"closed","template":"","meta":{"footnotes":""},"class_list":["post-1703","page","type-page","status-publish","hentry"],"_links":{"self":[{"href":"https:\/\/giteduprinas.com\/index.php\/wp-json\/wp\/v2\/pages\/1703","targetHints":{"allow":["GET"]}}],"collection":[{"href":"https:\/\/giteduprinas.com\/index.php\/wp-json\/wp\/v2\/pages"}],"about":[{"href":"https:\/\/giteduprinas.com\/index.php\/wp-json\/wp\/v2\/types\/page"}],"author":[{"embeddable":true,"href":"https:\/\/giteduprinas.com\/index.php\/wp-json\/wp\/v2\/users\/1"}],"replies":[{"embeddable":true,"href":"https:\/\/giteduprinas.com\/index.php\/wp-json\/wp\/v2\/comments?post=1703"}],"version-history":[{"count":65,"href":"https:\/\/giteduprinas.com\/index.php\/wp-json\/wp\/v2\/pages\/1703\/revisions"}],"predecessor-version":[{"id":3111,"href":"https:\/\/giteduprinas.com\/index.php\/wp-json\/wp\/v2\/pages\/1703\/revisions\/3111"}],"wp:attachment":[{"href":"https:\/\/giteduprinas.com\/index.php\/wp-json\/wp\/v2\/media?parent=1703"}],"curies":[{"name":"wp","href":"https:\/\/api.w.org\/{rel}","templated":true}]}}